{"id":1272,"date":"2025-06-06T11:01:02","date_gmt":"2025-06-06T14:01:02","guid":{"rendered":"https:\/\/uab.ufsc.br\/ead\/filosofia\/?page_id=1272"},"modified":"2025-06-09T17:40:32","modified_gmt":"2025-06-09T20:40:32","slug":"enade","status":"publish","type":"page","link":"https:\/\/uab.ufsc.br\/ead\/filosofia\/enade\/","title":{"rendered":"ENADE"},"content":{"rendered":"\n<p><\/p>\n\n\n\n<p class=\"has-vivid-red-color has-text-color has-link-color has-medium-font-size wp-elements-be7cacef5b17c889365c1b2ed07183be\"><strong>Prova de Filosofia &#8211; ENADE 2025<\/strong><\/p>\n\n\n\n<p><\/p>\n\n\n\n<p class=\"has-medium-font-size\"><a href=\"https:\/\/enade.inep.gov.br\/enade\/#!\/index\"><strong>https:\/\/enade.inep.gov.br\/enade\/<\/strong><\/a><\/p>\n\n\n\n<p><\/p>\n\n\n\n<p class=\"has-small-font-size\"><a href=\"https:\/\/www.in.gov.br\/en\/web\/dou\/-\/portaria-n-321-de-26-de-maio-de-2025-632231233\" target=\"_blank\" rel=\"noreferrer noopener\">Portaria n\u00ba 321, de 26 de maio de 2025: disp\u00f5e sobre a Matriz de Refer\u00eancia do componente espec\u00edfico de Licenciatura em Filosofia.&nbsp;(Publicado no DOU em 28\/05\/2025)<\/a><\/p>\n\n\n\n<p><\/p>\n\n\n\n<p><\/p>\n\n\n\n<p class=\"has-vivid-red-color has-text-color has-link-color has-medium-font-size wp-elements-73b9e3fd288d315a4113a84edae08b0b\"><strong>Provas Anteriores do ENADE em Filosofia<\/strong><\/p>\n\n\n\n<p class=\"has-black-color has-text-color has-link-color wp-elements-9ac00cf961d1ea846fe5a532228b76c6\"><\/p>\n\n\n\n<h3 class=\"wp-block-heading has-vivid-cyan-blue-color has-text-color has-link-color has-medium-font-size wp-elements-8e6e8af8b5bfd56928d08283d7fba8b3\">Provas de Filosofia do ENADE para download<\/h3>\n\n\n\n<p class=\"has-black-color has-text-color has-link-color wp-elements-3765c41dc8eb550486c7d056a7fe24a4\">Rela\u00e7\u00e3o de todas as provas anteriores do ENADE de filosofia, tanto de bacharelado, quanto de licenciatura<\/p>\n\n\n\n<p><\/p>\n\n\n\n<p class=\"has-vivid-red-color has-text-color has-link-color has-medium-font-size wp-elements-325f1c0ac610f1391c48480484471d4b\"><strong>2024<\/strong><\/p>\n\n\n\n<p>Indispon\u00edveis at\u00e9 o momento<\/p>\n\n\n\n<p class=\"has-vivid-red-color has-text-color has-link-color has-medium-font-size wp-elements-6f134bc6781cfbe3718113626b25851a\"><strong>2021<\/strong><\/p>\n\n\n\n<ul class=\"wp-block-list\">\n<li><a href=\"https:\/\/download.inep.gov.br\/enade\/provas_e_gabaritos\/2021_PV_bacharelado_filosofia.pdf\" target=\"_blank\" rel=\"noreferrer noopener\">Enade 2021 &#8211; Filosofia &#8211; Bacharelado &#8211; Prova<\/a><\/li>\n\n\n\n<li><a href=\"https:\/\/download.inep.gov.br\/enade\/provas_e_gabaritos\/2021_GB_bacharelado_filosofia.pdf\" target=\"_blank\" rel=\"noreferrer noopener\">Enade 2021 &#8211; Filosofia &#8211; Bacharelado &#8211; Gabarito<\/a><\/li>\n\n\n\n<li><a href=\"https:\/\/download.inep.gov.br\/enade\/padrao_resposta\/2021_bacharelado_filosofia.pdf\" target=\"_blank\" rel=\"noreferrer noopener\">Padr\u00e3o de resposta &#8211; Bacharelado<\/a><\/li>\n\n\n\n<li><a href=\"https:\/\/download.inep.gov.br\/enade\/provas_e_gabaritos\/2021_PV_licenciatura_filosofia.pdf\" target=\"_blank\" rel=\"noreferrer noopener\">Enade 2021 &#8211; Filosofia &#8211; Licenciatura &#8211; Prova<\/a><\/li>\n\n\n\n<li><a href=\"https:\/\/download.inep.gov.br\/enade\/provas_e_gabaritos\/2021_GB_licenciatura_filosofia.pdf\" target=\"_blank\" rel=\"noreferrer noopener\">Enade 2021 &#8211; Filosofia &#8211; Licenciatura &#8211; Gabarito<\/a><\/li>\n\n\n\n<li><a href=\"https:\/\/download.inep.gov.br\/enade\/padrao_resposta\/2021_licenciatura_filosofia.pdf\" target=\"_blank\" rel=\"noreferrer noopener\">Padr\u00e3o de resposta &#8211; Licenciatura<\/a><\/li>\n<\/ul>\n\n\n\n<p class=\"has-vivid-red-color has-text-color has-link-color has-medium-font-size wp-elements-59707b876d17383765d4a26af075a9c4\"><strong>2017<\/strong><\/p>\n\n\n\n<ul class=\"wp-block-list\">\n<li><a href=\"http:\/\/download.inep.gov.br\/educacao_superior\/enade\/provas\/2017\/21_FILOSOFIA_BACHAREL_BAIXA.pdf\" target=\"_blank\" rel=\"noreferrer noopener\">Enade 2017 \u2013 Filosofia \u2013 Bacharelado \u2013 Prova<\/a><\/li>\n\n\n\n<li><a href=\"http:\/\/download.inep.gov.br\/educacao_superior\/enade\/gabaritos\/2017\/21_Filosofia_Bacharelado.pdf\" target=\"_blank\" rel=\"noreferrer noopener\">Enade 2017\u2013 Filosofia \u2013 Bacharelado \u2013 Gabarito<\/a><\/li>\n\n\n\n<li><a href=\"http:\/\/download.inep.gov.br\/educacao_superior\/enade\/padrao_resposta\/2017\/Pad_Resp_Filosofia_Bacharelado.pdf\" target=\"_blank\" rel=\"noreferrer noopener\">Enade 2017\u2013 Filosofia \u2013 Bacharelado \u2013Padr\u00e3o de resposta<\/a><\/li>\n\n\n\n<li><a href=\"http:\/\/download.inep.gov.br\/educacao_superior\/enade\/provas\/2017\/22_FILOSOFIA_LICENCIATURA_BAIXA.pdf\" target=\"_blank\" rel=\"noreferrer noopener\">Enade 2017 \u2013 Filosofia \u2013 Licenciatura \u2013 Prova<\/a><\/li>\n\n\n\n<li><a href=\"http:\/\/download.inep.gov.br\/educacao_superior\/enade\/gabaritos\/2017\/22_Filosofia_Licenciatura.pdf\" target=\"_blank\" rel=\"noreferrer noopener\">Enade 2017 \u2013 Filosofia \u2013 Licenciatura \u2013 Gabarito<\/a><\/li>\n\n\n\n<li><a href=\"http:\/\/download.inep.gov.br\/educacao_superior\/enade\/padrao_resposta\/2017\/Pad_Resp_Filosofia_Licenciatura.pdf\" target=\"_blank\" rel=\"noreferrer noopener\">Enade 2017\u2013 Filosofia \u2013 Licenciatura \u2013Padr\u00e3o de resposta<\/a><\/li>\n<\/ul>\n\n\n\n<p class=\"has-vivid-red-color has-text-color has-link-color has-medium-font-size wp-elements-37b8f387e6adcba2efd75c3d9e104acb\"><strong>2014<\/strong><\/p>\n\n\n\n<ul class=\"wp-block-list\">\n<li><a href=\"http:\/\/download.inep.gov.br\/educacao_superior\/enade\/provas\/2014\/21_filosofia_bacharelado.pdf\" target=\"_blank\" rel=\"noreferrer noopener\">Enade 2014 \u2013 Filosofia \u2013 Bacharelado \u2013 Prova<\/a><\/li>\n\n\n\n<li><a href=\"http:\/\/download.inep.gov.br\/educacao_superior\/enade\/gabaritos\/2014\/21_gab_filosofia_bacharelado.pdf\" target=\"_blank\" rel=\"noreferrer noopener\">Enade 2014 \u2013 Filosofia \u2013 Bacharelado \u2013 Gabarito<\/a><\/li>\n\n\n\n<li><a href=\"http:\/\/download.inep.gov.br\/educacao_superior\/enade\/padrao_resposta\/2014\/padrao_resposta_filosofia_bacharelado.pdf\" target=\"_blank\" rel=\"noreferrer noopener\">Enade 2014\u2013 Filosofia \u2013 Bacharelado \u2013Padr\u00e3o de resposta<\/a><\/li>\n\n\n\n<li><a href=\"http:\/\/download.inep.gov.br\/educacao_superior\/enade\/provas\/2014\/22_filosofia_licenciatura.pdf\" target=\"_blank\" rel=\"noreferrer noopener\">Enade 2014 \u2013 Filosofia \u2013 Licenciatura \u2013 Prova<\/a><\/li>\n\n\n\n<li><a href=\"http:\/\/download.inep.gov.br\/educacao_superior\/enade\/gabaritos\/2014\/22_gab_filosofia_licenciatura.pdf\" target=\"_blank\" rel=\"noreferrer noopener\">Enade 2014 \u2013 Filosofia \u2013 Licenciatura \u2013 Gabarito<\/a><\/li>\n\n\n\n<li><a href=\"http:\/\/download.inep.gov.br\/educacao_superior\/enade\/padrao_resposta\/2014\/padrao_resposta_filosofia_licenciatura.pdf\" target=\"_blank\" rel=\"noreferrer noopener\">Enade 2014\u2013 Filosofia \u2013 Licenciatura \u2013Padr\u00e3o de resposta<\/a><\/li>\n<\/ul>\n\n\n\n<p><\/p>\n\n\n\n<p class=\"has-vivid-red-color has-text-color has-link-color has-medium-font-size wp-elements-d69bae21074bfb68dcf398c1d7d5d518\"><strong>2011<\/strong><\/p>\n\n\n\n<ul class=\"wp-block-list\">\n<li><a href=\"http:\/\/download.inep.gov.br\/educacao_superior\/enade\/provas\/2011\/FILOSOFIA.pdf\" target=\"_blank\" rel=\"noreferrer noopener\"><\/a><a href=\"http:\/\/download.inep.gov.br\/educacao_superior\/enade\/provas\/2011\/FILOSOFIA.pdf\" target=\"_blank\" rel=\"noreferrer noopener\">Prova<\/a><\/li>\n\n\n\n<li><a href=\"http:\/\/download.inep.gov.br\/educacao_superior\/enade\/gabaritos\/2011\/Enade2011_Gab_Def_Filosofia.pdf\" target=\"_blank\" rel=\"noreferrer noopener\">Gabarito<\/a><\/li>\n\n\n\n<li><a href=\"http:\/\/download.inep.gov.br\/educacao_superior\/enade\/padrao_resposta\/2011\/FILOSOFIA.pdf\" target=\"_blank\" rel=\"noreferrer noopener\">Padr\u00e3o de resposta<\/a><\/li>\n<\/ul>\n\n\n\n<p class=\"has-vivid-red-color has-text-color has-link-color has-medium-font-size wp-elements-b06ddbfa3f8c48f253f8c81876bf07e0\"><strong>2008<\/strong><\/p>\n\n\n\n<ul class=\"wp-block-list\">\n<li><a href=\"http:\/\/download.inep.gov.br\/download\/Enade2008_RNP\/FILOSOFIA.pdf\" target=\"_blank\" rel=\"noreferrer noopener\">Prova<\/a><\/li>\n\n\n\n<li><a href=\"http:\/\/download.inep.gov.br\/download\/Enade2008_RNP\/GABARITO_FILOSOFIA.pdf\" target=\"_blank\" rel=\"noreferrer noopener\">Gabarito<\/a><\/li>\n\n\n\n<li><a href=\"http:\/\/download.inep.gov.br\/download\/Enade2008_RNP\/PADRAO_DE_RESPOSTA_DE_FILOSOFIA.pdf\" target=\"_blank\" rel=\"noreferrer noopener\">Padr\u00e3o de resposta<\/a><\/li>\n<\/ul>\n\n\n\n<p class=\"has-vivid-red-color has-text-color has-link-color has-medium-font-size wp-elements-738c74e328b3f46f4dcb06db78a33534\"><strong>2005<\/strong><\/p>\n\n\n\n<ul class=\"wp-block-list\">\n<li><a href=\"http:\/\/download.inep.gov.br\/download\/enade\/2005\/provas\/FILOSOFIA.pdf\" target=\"_blank\" rel=\"noreferrer noopener\">Prova<\/a><\/li>\n\n\n\n<li><a href=\"http:\/\/download.inep.gov.br\/download\/enade\/2005\/gabaritos_2005\/gab05_filosofia.pdf\" target=\"_blank\" rel=\"noreferrer noopener\">Gabarito<\/a><\/li>\n\n\n\n<li><a href=\"http:\/\/download.inep.gov.br\/download\/enade\/2005\/PR_filosofia.pdf\" target=\"_blank\" rel=\"noreferrer noopener\">Padr\u00e3o de resposta<\/a><\/li>\n<\/ul>\n","protected":false},"excerpt":{"rendered":"<p>Prova de Filosofia &#8211; ENADE 2025 https:\/\/enade.inep.gov.br\/enade\/ Portaria n\u00ba 321, de 26 de maio de 2025: disp\u00f5e sobre a Matriz de Refer\u00eancia do componente espec\u00edfico de Licenciatura em Filosofia.&nbsp;(Publicado no DOU em 28\/05\/2025) Provas Anteriores do ENADE em Filosofia Provas de Filosofia do ENADE para download Rela\u00e7\u00e3o de todas as provas anteriores do ENADE de [&hellip;]<\/p>\n","protected":false},"author":2,"featured_media":0,"parent":0,"menu_order":0,"comment_status":"closed","ping_status":"closed","template":"","meta":{"_et_pb_use_builder":"off","_et_pb_old_content":"","_et_gb_content_width":"","inline_featured_image":false,"footnotes":""},"class_list":["post-1272","page","type-page","status-publish","hentry"],"_links":{"self":[{"href":"https:\/\/uab.ufsc.br\/ead\/filosofia\/wp-json\/wp\/v2\/pages\/1272","targetHints":{"allow":["GET"]}}],"collection":[{"href":"https:\/\/uab.ufsc.br\/ead\/filosofia\/wp-json\/wp\/v2\/pages"}],"about":[{"href":"https:\/\/uab.ufsc.br\/ead\/filosofia\/wp-json\/wp\/v2\/types\/page"}],"author":[{"embeddable":true,"href":"https:\/\/uab.ufsc.br\/ead\/filosofia\/wp-json\/wp\/v2\/users\/2"}],"replies":[{"embeddable":true,"href":"https:\/\/uab.ufsc.br\/ead\/filosofia\/wp-json\/wp\/v2\/comments?post=1272"}],"version-history":[{"count":7,"href":"https:\/\/uab.ufsc.br\/ead\/filosofia\/wp-json\/wp\/v2\/pages\/1272\/revisions"}],"predecessor-version":[{"id":1292,"href":"https:\/\/uab.ufsc.br\/ead\/filosofia\/wp-json\/wp\/v2\/pages\/1272\/revisions\/1292"}],"wp:attachment":[{"href":"https:\/\/uab.ufsc.br\/ead\/filosofia\/wp-json\/wp\/v2\/media?parent=1272"}],"curies":[{"name":"wp","href":"https:\/\/api.w.org\/{rel}","templated":true}]}}

<p></p>



<p class="has-vivid-red-color has-text-color has-link-color has-medium-font-size wp-elements-be7cacef5b17c889365c1b2ed07183be"><strong>Prova de Filosofia &#8211; ENADE 2025</strong></p>



<p></p>



<p class="has-medium-font-size"><a href="https://enade.inep.gov.br/enade/#!/index"><strong>https://enade.inep.gov.br/enade/</strong></a></p>



<p></p>



<p class="has-small-font-size"><a href="https://www.in.gov.br/en/web/dou/-/portaria-n-321-de-26-de-maio-de-2025-632231233" target="_blank" rel="noreferrer noopener">Portaria nº 321, de 26 de maio de 2025: dispõe sobre a Matriz de Referência do componente específico de Licenciatura em Filosofia.&nbsp;(Publicado no DOU em 28/05/2025)</a></p>



<p></p>



<p></p>



<p class="has-vivid-red-color has-text-color has-link-color has-medium-font-size wp-elements-73b9e3fd288d315a4113a84edae08b0b"><strong>Provas Anteriores do ENADE em Filosofia</strong></p>



<p class="has-black-color has-text-color has-link-color wp-elements-9ac00cf961d1ea846fe5a532228b76c6"></p>



<h3 class="wp-block-heading has-vivid-cyan-blue-color has-text-color has-link-color has-medium-font-size wp-elements-8e6e8af8b5bfd56928d08283d7fba8b3">Provas de Filosofia do ENADE para download</h3>



<p class="has-black-color has-text-color has-link-color wp-elements-3765c41dc8eb550486c7d056a7fe24a4">Relação de todas as provas anteriores do ENADE de filosofia, tanto de bacharelado, quanto de licenciatura</p>



<p></p>



<p class="has-vivid-red-color has-text-color has-link-color has-medium-font-size wp-elements-325f1c0ac610f1391c48480484471d4b"><strong>2024</strong></p>



<p>Indisponíveis até o momento</p>



<p class="has-vivid-red-color has-text-color has-link-color has-medium-font-size wp-elements-6f134bc6781cfbe3718113626b25851a"><strong>2021</strong></p>



<ul class="wp-block-list">
<li><a href="https://download.inep.gov.br/enade/provas_e_gabaritos/2021_PV_bacharelado_filosofia.pdf" target="_blank" rel="noreferrer noopener">Enade 2021 &#8211; Filosofia &#8211; Bacharelado &#8211; Prova</a></li>



<li><a href="https://download.inep.gov.br/enade/provas_e_gabaritos/2021_GB_bacharelado_filosofia.pdf" target="_blank" rel="noreferrer noopener">Enade 2021 &#8211; Filosofia &#8211; Bacharelado &#8211; Gabarito</a></li>



<li><a href="https://download.inep.gov.br/enade/padrao_resposta/2021_bacharelado_filosofia.pdf" target="_blank" rel="noreferrer noopener">Padrão de resposta &#8211; Bacharelado</a></li>



<li><a href="https://download.inep.gov.br/enade/provas_e_gabaritos/2021_PV_licenciatura_filosofia.pdf" target="_blank" rel="noreferrer noopener">Enade 2021 &#8211; Filosofia &#8211; Licenciatura &#8211; Prova</a></li>



<li><a href="https://download.inep.gov.br/enade/provas_e_gabaritos/2021_GB_licenciatura_filosofia.pdf" target="_blank" rel="noreferrer noopener">Enade 2021 &#8211; Filosofia &#8211; Licenciatura &#8211; Gabarito</a></li>



<li><a href="https://download.inep.gov.br/enade/padrao_resposta/2021_licenciatura_filosofia.pdf" target="_blank" rel="noreferrer noopener">Padrão de resposta &#8211; Licenciatura</a></li>
</ul>



<p class="has-vivid-red-color has-text-color has-link-color has-medium-font-size wp-elements-59707b876d17383765d4a26af075a9c4"><strong>2017</strong></p>



<ul class="wp-block-list">
<li><a href="http://download.inep.gov.br/educacao_superior/enade/provas/2017/21_FILOSOFIA_BACHAREL_BAIXA.pdf" target="_blank" rel="noreferrer noopener">Enade 2017 – Filosofia – Bacharelado – Prova</a></li>



<li><a href="http://download.inep.gov.br/educacao_superior/enade/gabaritos/2017/21_Filosofia_Bacharelado.pdf" target="_blank" rel="noreferrer noopener">Enade 2017– Filosofia – Bacharelado – Gabarito</a></li>



<li><a href="http://download.inep.gov.br/educacao_superior/enade/padrao_resposta/2017/Pad_Resp_Filosofia_Bacharelado.pdf" target="_blank" rel="noreferrer noopener">Enade 2017– Filosofia – Bacharelado –Padrão de resposta</a></li>



<li><a href="http://download.inep.gov.br/educacao_superior/enade/provas/2017/22_FILOSOFIA_LICENCIATURA_BAIXA.pdf" target="_blank" rel="noreferrer noopener">Enade 2017 – Filosofia – Licenciatura – Prova</a></li>



<li><a href="http://download.inep.gov.br/educacao_superior/enade/gabaritos/2017/22_Filosofia_Licenciatura.pdf" target="_blank" rel="noreferrer noopener">Enade 2017 – Filosofia – Licenciatura – Gabarito</a></li>



<li><a href="http://download.inep.gov.br/educacao_superior/enade/padrao_resposta/2017/Pad_Resp_Filosofia_Licenciatura.pdf" target="_blank" rel="noreferrer noopener">Enade 2017– Filosofia – Licenciatura –Padrão de resposta</a></li>
</ul>



<p class="has-vivid-red-color has-text-color has-link-color has-medium-font-size wp-elements-37b8f387e6adcba2efd75c3d9e104acb"><strong>2014</strong></p>



<ul class="wp-block-list">
<li><a href="http://download.inep.gov.br/educacao_superior/enade/provas/2014/21_filosofia_bacharelado.pdf" target="_blank" rel="noreferrer noopener">Enade 2014 – Filosofia – Bacharelado – Prova</a></li>



<li><a href="http://download.inep.gov.br/educacao_superior/enade/gabaritos/2014/21_gab_filosofia_bacharelado.pdf" target="_blank" rel="noreferrer noopener">Enade 2014 – Filosofia – Bacharelado – Gabarito</a></li>



<li><a href="http://download.inep.gov.br/educacao_superior/enade/padrao_resposta/2014/padrao_resposta_filosofia_bacharelado.pdf" target="_blank" rel="noreferrer noopener">Enade 2014– Filosofia – Bacharelado –Padrão de resposta</a></li>



<li><a href="http://download.inep.gov.br/educacao_superior/enade/provas/2014/22_filosofia_licenciatura.pdf" target="_blank" rel="noreferrer noopener">Enade 2014 – Filosofia – Licenciatura – Prova</a></li>



<li><a href="http://download.inep.gov.br/educacao_superior/enade/gabaritos/2014/22_gab_filosofia_licenciatura.pdf" target="_blank" rel="noreferrer noopener">Enade 2014 – Filosofia – Licenciatura – Gabarito</a></li>



<li><a href="http://download.inep.gov.br/educacao_superior/enade/padrao_resposta/2014/padrao_resposta_filosofia_licenciatura.pdf" target="_blank" rel="noreferrer noopener">Enade 2014– Filosofia – Licenciatura –Padrão de resposta</a></li>
</ul>



<p></p>



<p class="has-vivid-red-color has-text-color has-link-color has-medium-font-size wp-elements-d69bae21074bfb68dcf398c1d7d5d518"><strong>2011</strong></p>



<ul class="wp-block-list">
<li><a href="http://download.inep.gov.br/educacao_superior/enade/provas/2011/FILOSOFIA.pdf" target="_blank" rel="noreferrer noopener"></a><a href="http://download.inep.gov.br/educacao_superior/enade/provas/2011/FILOSOFIA.pdf" target="_blank" rel="noreferrer noopener">Prova</a></li>



<li><a href="http://download.inep.gov.br/educacao_superior/enade/gabaritos/2011/Enade2011_Gab_Def_Filosofia.pdf" target="_blank" rel="noreferrer noopener">Gabarito</a></li>



<li><a href="http://download.inep.gov.br/educacao_superior/enade/padrao_resposta/2011/FILOSOFIA.pdf" target="_blank" rel="noreferrer noopener">Padrão de resposta</a></li>
</ul>



<p class="has-vivid-red-color has-text-color has-link-color has-medium-font-size wp-elements-b06ddbfa3f8c48f253f8c81876bf07e0"><strong>2008</strong></p>



<ul class="wp-block-list">
<li><a href="http://download.inep.gov.br/download/Enade2008_RNP/FILOSOFIA.pdf" target="_blank" rel="noreferrer noopener">Prova</a></li>



<li><a href="http://download.inep.gov.br/download/Enade2008_RNP/GABARITO_FILOSOFIA.pdf" target="_blank" rel="noreferrer noopener">Gabarito</a></li>



<li><a href="http://download.inep.gov.br/download/Enade2008_RNP/PADRAO_DE_RESPOSTA_DE_FILOSOFIA.pdf" target="_blank" rel="noreferrer noopener">Padrão de resposta</a></li>
</ul>



<p class="has-vivid-red-color has-text-color has-link-color has-medium-font-size wp-elements-738c74e328b3f46f4dcb06db78a33534"><strong>2005</strong></p>



<ul class="wp-block-list">
<li><a href="http://download.inep.gov.br/download/enade/2005/provas/FILOSOFIA.pdf" target="_blank" rel="noreferrer noopener">Prova</a></li>



<li><a href="http://download.inep.gov.br/download/enade/2005/gabaritos_2005/gab05_filosofia.pdf" target="_blank" rel="noreferrer noopener">Gabarito</a></li>



<li><a href="http://download.inep.gov.br/download/enade/2005/PR_filosofia.pdf" target="_blank" rel="noreferrer noopener">Padrão de resposta</a></li>
</ul>

<p>Prova de Filosofia &#8211; ENADE 2025 https://enade.inep.gov.br/enade/ Portaria nº 321, de 26 de maio de 2025: dispõe sobre a Matriz de Referência do componente específico de Licenciatura em Filosofia.&nbsp;(Publicado no DOU em 28/05/2025) Provas Anteriores do ENADE em Filosofia Provas de Filosofia do ENADE para download Relação de todas as provas anteriores do ENADE de [&hellip;]</p>
