{"id":1301,"date":"2025-06-20T10:02:44","date_gmt":"2025-06-20T13:02:44","guid":{"rendered":"https:\/\/uab.ufsc.br\/ead\/filosofia\/?page_id=1301"},"modified":"2026-03-03T21:11:46","modified_gmt":"2026-03-04T00:11:46","slug":"ciclo-de-palestras-tematicas","status":"publish","type":"page","link":"https:\/\/uab.ufsc.br\/ead\/filosofia\/ciclo-de-palestras-tematicas\/","title":{"rendered":"Ciclo de Palestras Tem\u00e1ticas"},"content":{"rendered":"\n<p><\/p>\n\n\n\n<p><\/p>\n\n\n\n<p class=\"has-vivid-cyan-blue-color has-text-color has-link-color has-medium-font-size wp-elements-d1cd23647305d28883e4b690d8617ac8\"><strong><a href=\"https:\/\/lti.mconf.rnp.br\/rooms\/05d4d427f6714d847525aa2d2b68173174812a12\/scheduled_meetings\/03xPs3EbeVT4\/external\">14\u00aa Palestra &#8211; Ciclo de palestras tem\u00e1ticas &#8211; 10\/12\/2025<\/a><\/strong><\/p>\n\n\n\n<p class=\"has-medium-font-size\">&#8220;Mircea Eliade: o s\u00edmbolo, o sagrado e o profano&#8221;. prof. Dr.<a href=\"https:\/\/scholar.google.com\/citations?user=RgxVFXcAAAAJ&amp;hl=pt-BR\"> Lauro de Matos Nunes Filho<\/a>.<\/p>\n\n\n\n<p><\/p>\n\n\n\n<p class=\"has-vivid-cyan-blue-color has-text-color has-link-color has-medium-font-size wp-elements-196e06f9bc4ce4954884ebf271e79dcb\"><strong><a href=\"https:\/\/lti.mconf.rnp.br\/rooms\/05d4d427f6714d847525aa2d2b68173174812a12\/scheduled_meetings\/AP0jwTpsmymd\/external\">13\u00aa Palestra &#8211; Ciclo de palestras tem\u00e1ticas &#8211; 27\/11\/2025<\/a><\/strong><\/p>\n\n\n\n<p class=\"has-medium-font-size\">&#8220;A revolu\u00e7\u00e3o copernicana de Kant&#8221;. Palestrante. Doutorando PPGFIL-UFSC: <a href=\"https:\/\/scholar.google.com.br\/citations?user=Ko0vN4wAAAAJ&amp;hl=pt-PT\">Der\u00f3cio Felipe Perondi Meotti<\/a>.<\/p>\n\n\n\n<p><\/p>\n\n\n\n<p class=\"has-vivid-cyan-blue-color has-text-color has-link-color has-medium-font-size wp-elements-de3514fcf987876b2eb61d23062c3303\"><strong><a href=\"https:\/\/uab.ufsc.br\/ead\/filosofia\/2025\/10\/ciclo-de-palestras-tematicas-convidada-julia-sichieri-moura\/\">12\u00aa Palestra &#8211; Ciclo de palestras tem\u00e1ticas &#8211; 06\/11\/2025<\/a><\/strong><\/p>\n\n\n\n<p class=\"has-medium-font-size\">&#8220;<strong>Por que estudar a teoria de John Rawls hoje?<\/strong>&#8221; Profa. Dra. <a href=\"https:\/\/ufpr.academia.edu\/JuliaSichieriMoura\"><strong>Julia Sichieri Moura<\/strong><\/a>. <\/p>\n\n\n\n<p><\/p>\n\n\n\n<p class=\"has-vivid-cyan-blue-color has-text-color has-link-color has-medium-font-size wp-elements-e115619c04f7b6c42a036248105e3caa\"><a href=\"https:\/\/uab.ufsc.br\/ead\/filosofia\/2025\/10\/ciclo-de-palestras-tematicas-palestrante-convidado-prof-clademir-araldi\/\"><strong>11\u00aa Palestra &#8211; Ciclo de palestras tem\u00e1ticas &#8211; 30\/10\/2025<\/strong><\/a><\/p>\n\n\n\n<p class=\"has-medium-font-size\">&#8220;<strong>O Anticristo de Nietzsche como \u201cterremoto\u201dno mundo dos valores crist\u00e3os<\/strong>&#8220;. Prof. <a href=\"https:\/\/institucional.ufpel.edu.br\/servidores\/id\/28122\">Clademir Araldi<\/a>. Doutor em Filosofia pela USP. Professor Titular da Universidade Federal de Pelotas &#8211; UFPel.<\/p>\n\n\n\n<div class=\"wp-block-media-text is-stacked-on-mobile\" style=\"grid-template-columns:21% auto\"><figure class=\"wp-block-media-text__media\"><a href=\"https:\/\/uab.ufsc.br\/ead\/filosofia\/2025\/10\/ciclo-de-palestras-tematicas-palestrante-convidado-prof-clademir-araldi\/\"><img loading=\"lazy\" decoding=\"async\" width=\"1024\" height=\"1024\" src=\"http:\/\/uab.ufsc.br\/ead\/filosofia\/wp-content\/uploads\/2025\/10\/Clademir-Araldi-1024x1024.png\" alt=\"\" class=\"wp-image-1467 size-full\" srcset=\"http:\/\/uab.ufsc.br\/ead\/filosofia\/wp-content\/uploads\/2025\/10\/Clademir-Araldi-1024x1024.png 1024w, http:\/\/uab.ufsc.br\/ead\/filosofia\/wp-content\/uploads\/2025\/10\/Clademir-Araldi-980x980.png 980w, http:\/\/uab.ufsc.br\/ead\/filosofia\/wp-content\/uploads\/2025\/10\/Clademir-Araldi-480x480.png 480w\" sizes=\"auto, (min-width: 0px) and (max-width: 480px) 480px, (min-width: 481px) and (max-width: 980px) 980px, (min-width: 981px) 1024px, 100vw\" \/><\/a><\/figure><div class=\"wp-block-media-text__content\">\n<p><\/p>\n<\/div><\/div>\n\n\n\n<p><\/p>\n\n\n\n<p class=\"has-vivid-cyan-blue-color has-text-color has-link-color has-medium-font-size wp-elements-4f0562771ea84e5297bf2fadfde50639\"><a href=\"https:\/\/uab.ufsc.br\/ead\/filosofia\/wp-admin\/post.php?post=1437&amp;action=edit\">10<strong>\u00aa<\/strong> Palestra &#8211; <strong>Ciclo de palestras tem\u00e1ticas &#8211; 08\/10\/2025<\/strong><\/a><\/p>\n\n\n\n<p class=\"has-medium-font-size\">&#8220;<strong>Um cap\u00edtulo da hist\u00f3ria do capitalismo: o problema da sociedade civil em Hegel&#8221;<\/strong>. &#8211; <a href=\"https:\/\/scholar.google.com\/citations?user=iZGwYbcAAAAJ&amp;hl=pt-BR\">Hernandez Eichenberger<\/a>. Doutor em Filosofia (UFPR). Professor no Instituto Federal Catarinense (IFC)<\/p>\n\n\n\n<figure class=\"wp-block-image size-large is-resized\"><img loading=\"lazy\" decoding=\"async\" width=\"1024\" height=\"1024\" src=\"http:\/\/uab.ufsc.br\/ead\/filosofia\/wp-content\/uploads\/2025\/10\/Palestra-Hegel-1024x1024.png\" alt=\"\" class=\"wp-image-1440\" style=\"width:163px;height:auto\" srcset=\"http:\/\/uab.ufsc.br\/ead\/filosofia\/wp-content\/uploads\/2025\/10\/Palestra-Hegel-1024x1024.png 1024w, http:\/\/uab.ufsc.br\/ead\/filosofia\/wp-content\/uploads\/2025\/10\/Palestra-Hegel-980x980.png 980w, http:\/\/uab.ufsc.br\/ead\/filosofia\/wp-content\/uploads\/2025\/10\/Palestra-Hegel-480x480.png 480w\" sizes=\"auto, (min-width: 0px) and (max-width: 480px) 480px, (min-width: 481px) and (max-width: 980px) 980px, (min-width: 981px) 1024px, 100vw\" \/><\/figure>\n\n\n\n<p class=\"has-medium-font-size\"><\/p>\n\n\n\n<p class=\"has-medium-font-size\"><strong><a href=\"https:\/\/uab.ufsc.br\/ead\/filosofia\/2025\/05\/ciclo-de-palestras-tematicas-convidado-prof-dr-marco-ruffino-unicamp\/\">9\u00aa Palestra &#8211; Ciclo de palestras tem\u00e1ticas &#8211; 29\/05\/2025<\/a><\/strong><\/p>\n\n\n\n<p class=\"has-medium-font-size\">&#8220;Designa\u00e7\u00e3o r\u00edgida e suas consequ\u00eancias&#8221; &#8211; Prof. <a href=\"https:\/\/www.ifch.unicamp.br\/ifch\/colaboradores\/filosofia\/635\/marco-antonio-caron-ruffino\">Marco Ruffino<\/a> (Unicamp)<\/p>\n\n\n\n<p class=\"has-medium-font-size\"><a href=\"https:\/\/uab.ufsc.br\/ead\/filosofia\/2025\/05\/ciclo-de-palestras-tematicas-convidado-prof-dr-marco-ruffino-unicamp\/\"><img loading=\"lazy\" decoding=\"async\" width=\"150\" height=\"150\" class=\"wp-image-1254\" style=\"width: 150px;\" src=\"http:\/\/uab.ufsc.br\/ead\/filosofia\/wp-content\/uploads\/2025\/05\/Marco-Ruffino-Palestra.png\" alt=\"\"><\/a><\/p>\n\n\n\n<p class=\"has-medium-font-size\"><\/p>\n\n\n\n<p class=\"has-medium-font-size\"><strong><a href=\"https:\/\/uab.ufsc.br\/ead\/filosofia\/2025\/04\/ciclo-de-palestras-tematicas-filosofar-em-primeira-pessoa-os-ensaios-de-michel-de-montaigne\/\">8\u00aa Palestra &#8211; Ciclo de palestras tem\u00e1ticas &#8211; 25\/04\/2025<\/a><\/strong><\/p>\n\n\n\n<p class=\"has-medium-font-size\">&#8220;Filosofar em primeira pessoa: os &#8216;<em>Ensaios<\/em>&#8216; de Michel de Montaigne&#8221; &#8211; Profa. <a href=\"https:\/\/udesc.academia.edu\/DanielleAntunes\">Danielle Antunes<\/a> (UDESC)<\/p>\n\n\n\n<p class=\"has-medium-font-size\"><a href=\"https:\/\/uab.ufsc.br\/ead\/filosofia\/2025\/04\/ciclo-de-palestras-tematicas-filosofar-em-primeira-pessoa-os-ensaios-de-michel-de-montaigne\/\"><img loading=\"lazy\" decoding=\"async\" width=\"150\" height=\"188\" class=\"wp-image-1241\" style=\"width: 150px;\" src=\"http:\/\/uab.ufsc.br\/ead\/filosofia\/wp-content\/uploads\/2025\/04\/Danielle-Antunes.png\" alt=\"\"><\/a><\/p>\n\n\n\n<p class=\"has-medium-font-size\"><\/p>\n\n\n\n<p class=\"has-medium-font-size\"><strong><a href=\"https:\/\/uab.ufsc.br\/ead\/filosofia\/2025\/03\/palestra-patristica-africana\/\">7a Palestra: Ciclo de palestras tem\u00e1ticas 10\/04\/2025<\/a><\/strong><\/p>\n\n\n\n<p class=\"has-medium-font-size\">&#8220;Patr\u00edstica Africana&#8221; &#8211; Prof. Dr. <a href=\"https:\/\/fil.cfh.ufsc.br\/joao-eduardo-pinto-basto-lupi\/\">Jo\u00e3o Lupi<\/a> (UFSC)<\/p>\n\n\n\n<p class=\"has-medium-font-size\"><a href=\"https:\/\/uab.ufsc.br\/ead\/filosofia\/2025\/03\/palestra-patristica-africana\/\"><img loading=\"lazy\" decoding=\"async\" width=\"150\" height=\"188\" class=\"wp-image-1205\" style=\"width: 150px;\" src=\"http:\/\/uab.ufsc.br\/ead\/filosofia\/wp-content\/uploads\/2025\/03\/Patristica-Africana.png\" alt=\"\"><\/a><\/p>\n\n\n\n<p class=\"has-medium-font-size\"><\/p>\n\n\n\n<p class=\"has-medium-font-size\"><strong><a href=\"https:\/\/uab.ufsc.br\/ead\/filosofia\/2024\/10\/palestra-um-panorama-dos-ceticismos-de-ontem-e-de-hoje\/\">6a Palestra &#8211; Ciclo de palestras tem\u00e1ticas 31\/10\/2024<\/a><\/strong><\/p>\n\n\n\n<p class=\"has-medium-font-size\">&#8220;Um panorama dos Ceticismos de ontem e de hoje&#8221; &#8211; Prof. <a href=\"https:\/\/scholar.google.com.br\/citations?user=CkUdV9QAAAAJ&amp;hl=pt-BR\">Rodrigo Pinto de Brito<\/a> (UFRRJ)<\/p>\n\n\n\n<p class=\"has-medium-font-size\"><a href=\"https:\/\/uab.ufsc.br\/ead\/filosofia\/2024\/10\/palestra-um-panorama-dos-ceticismos-de-ontem-e-de-hoje\/\"><img loading=\"lazy\" decoding=\"async\" width=\"150\" height=\"150\" class=\"wp-image-1126\" style=\"width: 150px;\" src=\"http:\/\/uab.ufsc.br\/ead\/filosofia\/wp-content\/uploads\/2024\/12\/Rodrigo-Brito-post.png\" alt=\"\"><\/a><\/p>\n\n\n\n<p class=\"has-medium-font-size\"><\/p>\n\n\n\n<p class=\"has-medium-font-size\"><strong><a href=\"https:\/\/uab.ufsc.br\/ead\/filosofia\/ciclo-de-palestras-a-metafisica-de-aristoteles-alguns-desafios-de-interpretacao-e-traducao\/\">5a Palestra &#8211; Ciclo de palestras tem\u00e1ticas 17\/10\/2024<\/a><\/strong><\/p>\n\n\n\n<p class=\"has-medium-font-size\">&#8220;A&nbsp;Metaf\u00edsica&nbsp;de Arist\u00f3teles: alguns desafios de interpreta\u00e7\u00e3o e tradu\u00e7\u00e3o&#8221; &#8211; Profa. <a href=\"https:\/\/scholar.google.com.br\/citations?user=C0RXoQ0AAAAJ&amp;hl=pt-BR\">Vivianne de Castilho Moreira.<\/a> (UFPR)<\/p>\n\n\n\n<p class=\"has-medium-font-size\"><a href=\"https:\/\/uab.ufsc.br\/ead\/filosofia\/ciclo-de-palestras-a-metafisica-de-aristoteles-alguns-desafios-de-interpretacao-e-traducao\/\"><img loading=\"lazy\" decoding=\"async\" width=\"150\" height=\"150\" class=\"wp-image-1123\" style=\"width: 150px;\" src=\"http:\/\/uab.ufsc.br\/ead\/filosofia\/wp-content\/uploads\/2024\/12\/A-Metafisica-de-Aristoteles-alguns-desafios-de-interpretacao-e-traducao.png\" alt=\"\"><\/a><\/p>\n\n\n\n<p><\/p>\n\n\n\n<p class=\"has-medium-font-size\"><strong><a href=\"https:\/\/uab.ufsc.br\/ead\/filosofia\/2024\/09\/ciclo-de-palestras-estudo-e-escrita-ciclo-de-palestras-do-curso-de-licenciatura-ead\/\">4a Palestra &#8211; Ciclo de palestras tem\u00e1ticas 03\/10\/2024<\/a><\/strong><\/p>\n\n\n\n<p class=\"has-medium-font-size\">\u201cEstudo e Escrita Filos\u00f3fica no EAD: M\u00e9todos de Organiza\u00e7\u00e3o e Produ\u00e7\u00e3o de Ensaios\u201d &#8211; <a href=\"http:\/\/lattes.cnpq.br\/9907935065606973\">Patr\u00edcia Costa da Silva Baehr<\/a> (Doutoranda UFSC)<\/p>\n\n\n\n<p class=\"has-medium-font-size\"><a href=\"https:\/\/uab.ufsc.br\/ead\/filosofia\/2024\/09\/ciclo-de-palestras-estudo-e-escrita-ciclo-de-palestras-do-curso-de-licenciatura-ead\/\"><img loading=\"lazy\" decoding=\"async\" width=\"150\" height=\"150\" class=\"wp-image-1124\" style=\"width: 150px;\" src=\"http:\/\/uab.ufsc.br\/ead\/filosofia\/wp-content\/uploads\/2024\/12\/Estudo-e-Escrita-Filosofica-no-EAD-Metodos-de-Organizacao-e-Producao-de-Ensaios-post.png\" alt=\"\"><\/a><\/p>\n\n\n\n<p class=\"has-medium-font-size\"><\/p>\n\n\n\n<p class=\"has-medium-font-size\"><strong><a href=\"https:\/\/uab.ufsc.br\/ead\/filosofia\/2024\/06\/tomas-de-aquino-e-a-tradicao-juridica-medieval\/\">3a Palestra &#8211; Ciclo de palestras tem\u00e1ticas &#8211; 13\/06\/2024<\/a><\/strong><\/p>\n\n\n\n<p class=\"has-medium-font-size\">\u201cTom\u00e1s de Aquino e a tradi\u00e7\u00e3o jur\u00eddica medieval\u201d &#8211; Prof. <a href=\"https:\/\/professor.ufrgs.br\/alfredostorck\/\">Alfredo Storck<\/a> (UFRGS)<\/p>\n\n\n\n<p class=\"has-medium-font-size\"><a href=\"https:\/\/uab.ufsc.br\/ead\/filosofia\/2024\/06\/tomas-de-aquino-e-a-tradicao-juridica-medieval\/\"><img loading=\"lazy\" decoding=\"async\" width=\"150\" height=\"150\" class=\"wp-image-988\" style=\"width: 150px;\" src=\"http:\/\/uab.ufsc.br\/ead\/filosofia\/wp-content\/uploads\/2024\/06\/Cartaz-Alfredo-Storck.jpg\" alt=\"\"><\/a><\/p>\n\n\n\n<p class=\"has-medium-font-size\"><\/p>\n\n\n\n<p class=\"has-medium-font-size\"><strong><a href=\"https:\/\/uab.ufsc.br\/ead\/filosofia\/2024\/05\/ciclo-de-palestras-tematicas-convidado-cezar-mortari\/\">2\u00aa Palestra &#8211; Ciclo de palestras tem\u00e1ticas &#8211; 10\/05\/2024<\/a><\/strong><\/p>\n\n\n\n<p class=\"has-medium-font-size\">&#8220;Sobre a L\u00f3gica de Arist\u00f3teles&#8221; &#8211; <a href=\"https:\/\/fil.cfh.ufsc.br\/cezar-augusto-mortari\/\">Cezar A. Mortari<\/a> (UFSC)<\/p>\n\n\n\n<p class=\"has-medium-font-size\"><a href=\"https:\/\/uab.ufsc.br\/ead\/filosofia\/2024\/05\/ciclo-de-palestras-tematicas-convidado-cezar-mortari\/\"><img loading=\"lazy\" decoding=\"async\" width=\"150\" height=\"150\" class=\"wp-image-943\" style=\"width: 150px;\" src=\"http:\/\/uab.ufsc.br\/ead\/filosofia\/wp-content\/uploads\/2024\/05\/Aristoteles-post2-1.jpeg\" alt=\"\"><\/a><\/p>\n\n\n\n<p><\/p>\n\n\n\n<p class=\"has-medium-font-size\"><strong><a href=\"https:\/\/uab.ufsc.br\/ead\/filosofia\/2024\/04\/ciclo-de-palestras-tematicas-convidado-italo-lins-lemos\/\">1\u00aa Palestra &#8211; Ciclo de palestras tem\u00e1ticas &#8211; 11\/04\/2024<\/a><\/strong><\/p>\n\n\n\n<p class=\"has-medium-font-size\">\u201cAlexius Meinong: h\u00e1 coisas que n\u00e3o existem?&#8221; &#8211; <a href=\"https:\/\/ufca.academia.edu\/ItaloLinsLemos\">\u00cdtalo Lins Lemos<\/a> (UFCA)<\/p>\n\n\n\n<p class=\"has-medium-font-size\"><a href=\"https:\/\/uab.ufsc.br\/ead\/filosofia\/2024\/04\/ciclo-de-palestras-tematicas-convidado-italo-lins-lemos\/\"><img loading=\"lazy\" decoding=\"async\" width=\"150\" height=\"150\" class=\"wp-image-902\" style=\"width: 150px;\" src=\"http:\/\/uab.ufsc.br\/ead\/filosofia\/wp-content\/uploads\/2024\/04\/Ciclo-de-Palestras-EAD-FIL-UFSC-Italo-Lins-Lemos.jpg\" alt=\"\"><\/a><\/p>\n\n\n\n<p class=\"has-medium-font-size\"><\/p>\n\n\n\n<p><\/p>\n","protected":false},"excerpt":{"rendered":"<p>14\u00aa Palestra &#8211; Ciclo de palestras tem\u00e1ticas &#8211; 10\/12\/2025 &#8220;Mircea Eliade: o s\u00edmbolo, o sagrado e o profano&#8221;. prof. Dr. Lauro de Matos Nunes Filho. 13\u00aa Palestra &#8211; Ciclo de palestras tem\u00e1ticas &#8211; 27\/11\/2025 &#8220;A revolu\u00e7\u00e3o copernicana de Kant&#8221;. Palestrante. Doutorando PPGFIL-UFSC: Der\u00f3cio Felipe Perondi Meotti. 12\u00aa Palestra &#8211; Ciclo de palestras tem\u00e1ticas &#8211; 06\/11\/2025 [&hellip;]<\/p>\n","protected":false},"author":2,"featured_media":0,"parent":0,"menu_order":0,"comment_status":"closed","ping_status":"closed","template":"","meta":{"_et_pb_use_builder":"off","_et_pb_old_content":"","_et_gb_content_width":"","inline_featured_image":false,"footnotes":""},"class_list":["post-1301","page","type-page","status-publish","hentry"],"_links":{"self":[{"href":"https:\/\/uab.ufsc.br\/ead\/filosofia\/wp-json\/wp\/v2\/pages\/1301","targetHints":{"allow":["GET"]}}],"collection":[{"href":"https:\/\/uab.ufsc.br\/ead\/filosofia\/wp-json\/wp\/v2\/pages"}],"about":[{"href":"https:\/\/uab.ufsc.br\/ead\/filosofia\/wp-json\/wp\/v2\/types\/page"}],"author":[{"embeddable":true,"href":"https:\/\/uab.ufsc.br\/ead\/filosofia\/wp-json\/wp\/v2\/users\/2"}],"replies":[{"embeddable":true,"href":"https:\/\/uab.ufsc.br\/ead\/filosofia\/wp-json\/wp\/v2\/comments?post=1301"}],"version-history":[{"count":22,"href":"https:\/\/uab.ufsc.br\/ead\/filosofia\/wp-json\/wp\/v2\/pages\/1301\/revisions"}],"predecessor-version":[{"id":1619,"href":"https:\/\/uab.ufsc.br\/ead\/filosofia\/wp-json\/wp\/v2\/pages\/1301\/revisions\/1619"}],"wp:attachment":[{"href":"https:\/\/uab.ufsc.br\/ead\/filosofia\/wp-json\/wp\/v2\/media?parent=1301"}],"curies":[{"name":"wp","href":"https:\/\/api.w.org\/{rel}","templated":true}]}}