{"id":45,"date":"2023-07-24T17:22:55","date_gmt":"2023-07-24T20:22:55","guid":{"rendered":"http:\/\/uab.ufsc.br\/ead\/filosofia\/?page_id=45"},"modified":"2025-08-07T13:24:38","modified_gmt":"2025-08-07T16:24:38","slug":"contato","status":"publish","type":"page","link":"https:\/\/uab.ufsc.br\/ead\/filosofia\/contato\/","title":{"rendered":"Contato"},"content":{"rendered":"\n<p class=\"has-vivid-cyan-blue-color has-text-color has-link-color has-medium-font-size wp-elements-48ff694a23ca161c26a5501af45b6074\"><a href=\"https:\/\/uab.ufsc.br\/ead\/filosofia\/sobre-o-curso\/\"><strong>Sobre o Curso<\/strong><\/a><\/p>\n\n\n\n<p class=\"has-vivid-cyan-blue-color has-text-color has-link-color has-medium-font-size wp-elements-dd53df841e7a66a17afdfebe72ed1dda\"><a href=\"https:\/\/uab.ufsc.br\/ead\/filosofia\/professores\/\"><strong>Professores do Curso<\/strong><\/a><\/p>\n\n\n\n<p class=\"has-vivid-cyan-blue-color has-text-color has-link-color has-medium-font-size wp-elements-67389e586588277fb87245c7b0277536\"><a href=\"https:\/\/uab.ufsc.br\/ead\/filosofia\/contato\/\"><strong>Contato<\/strong><\/a><\/p>\n\n\n\n<p><\/p>\n\n\n\n<p class=\"has-vivid-cyan-blue-color has-text-color has-medium-font-size\"><strong>Secretaria do curso<\/strong><\/p>\n\n\n\n<p style=\"font-size:15px\">Sienna Pedrotti<\/p>\n\n\n\n<p style=\"font-size:15px\"><strong>E-mail para contatos:<\/strong> <a href=\"mailto:filosofiaead@cfh.ufsc.br\"><strong>filosofia.ead@contato.ufsc.br<\/strong><\/a><\/p>\n\n\n\n<p style=\"font-size:15px\"><strong>Telefone:  (48) 3721-3506<\/strong>   Secretaria do curso<\/p>\n\n\n\n<p class=\"has-vivid-red-color has-text-color has-medium-font-size\"><strong>Informe:<\/strong><\/p>\n\n\n\n<p class=\"has-black-color has-text-color has-link-color wp-elements-ec414fda890c7033d97e229fa6df5827\">A partir de 02\/06\/2025, a Secretaria do Curso de Licenciatura em Filosofia EaD integrar\u00e1 o espa\u00e7o f\u00edsico da Secretaria de Gradua\u00e7\u00e3o em Filosofia, ficando assim os setores juntos para melhor atendimento ao p\u00fablico, posto que o setor ficar\u00e1 aberto das 08:00 \u00e0s 12hs e das 13 \u00e0s 17hs, de segunda a sexta-feira.<\/p>\n\n\n\n<p class=\"has-black-color has-text-color has-link-color wp-elements-ac965abc568a3ba0bb0d16f621aed61e\">O <strong>hor\u00e1rio de trabalho presencial <\/strong>da servidora Sienna Pedrotti poder\u00e1 ser acompanhado pelo<\/p>\n\n\n\n<p class=\"has-vivid-cyan-blue-color has-text-color has-link-color wp-elements-adaa3b27c1a54d5b5ffe36f4ced74f6e\"> <a href=\"https:\/\/adrh.sistemas.ufsc.br\/csocial\/publico\/servidor.xhtml?id=181107\"><strong>sistema de Controle Social<\/strong><\/a>, <\/p>\n\n\n\n<p class=\"has-black-color has-text-color has-link-color wp-elements-989ba606f68bd4f9f4b5ce13989032f5\">sendo <strong>2 dias presenciais por semana, das 10h30min \u00e0s 13h e das 14h \u00e0s 19h30min. <\/strong><\/p>\n\n\n\n<p class=\"has-black-color has-text-color has-link-color has-small-font-size wp-elements-486681281956f0d17ea8a0dd4b3dbd28\">Nos demais dias, o atendimento ocorrer\u00e1 pelo e-mail <a href=\"mailto:filosofia.ead@contato.ufsc.br\"><strong>filosofia.ead@contato.ufsc.br<\/strong><\/a>&nbsp;e pelo telefone <strong>48 3721-3506<\/strong>.<\/p>\n\n\n\n<p><\/p>\n\n\n\n<p class=\"has-vivid-cyan-blue-color has-text-color has-medium-font-size\"><strong>Universidade Aberta do Brasil &#8211; UAB-UFSC<\/strong> <\/p>\n\n\n\n<p><strong>Usu\u00e1rios autenticados no IdUFSC:&nbsp;<a href=\"https:\/\/atendimento.ufsc.br\/otrs\/customer.pl?Action=NewTicketWizard;QueueID=176\">https:\/\/atendimento.ufsc.br\/uab<\/a><\/strong><\/p>\n\n\n\n<p><strong>Usu\u00e1rios externos:&nbsp;<a href=\"http:\/\/atendimento.ufsc.br\/uab.externos\" target=\"_blank\" rel=\"noreferrer noopener\">atendimento.ufsc.br\/uab.externos<\/a><\/strong><\/p>\n","protected":false},"excerpt":{"rendered":"<p>Sobre o Curso Professores do Curso Contato Secretaria do curso Sienna Pedrotti E-mail para contatos: filosofia.ead@contato.ufsc.br Telefone: (48) 3721-3506 Secretaria do curso Informe: A partir de 02\/06\/2025, a Secretaria do Curso de Licenciatura em Filosofia EaD integrar\u00e1 o espa\u00e7o f\u00edsico da Secretaria de Gradua\u00e7\u00e3o em Filosofia, ficando assim os setores juntos para melhor atendimento ao [&hellip;]<\/p>\n","protected":false},"author":2,"featured_media":0,"parent":0,"menu_order":0,"comment_status":"closed","ping_status":"closed","template":"","meta":{"_et_pb_use_builder":"off","_et_pb_old_content":"","_et_gb_content_width":"","inline_featured_image":false,"footnotes":""},"class_list":["post-45","page","type-page","status-publish","hentry"],"_links":{"self":[{"href":"https:\/\/uab.ufsc.br\/ead\/filosofia\/wp-json\/wp\/v2\/pages\/45","targetHints":{"allow":["GET"]}}],"collection":[{"href":"https:\/\/uab.ufsc.br\/ead\/filosofia\/wp-json\/wp\/v2\/pages"}],"about":[{"href":"https:\/\/uab.ufsc.br\/ead\/filosofia\/wp-json\/wp\/v2\/types\/page"}],"author":[{"embeddable":true,"href":"https:\/\/uab.ufsc.br\/ead\/filosofia\/wp-json\/wp\/v2\/users\/2"}],"replies":[{"embeddable":true,"href":"https:\/\/uab.ufsc.br\/ead\/filosofia\/wp-json\/wp\/v2\/comments?post=45"}],"version-history":[{"count":14,"href":"https:\/\/uab.ufsc.br\/ead\/filosofia\/wp-json\/wp\/v2\/pages\/45\/revisions"}],"predecessor-version":[{"id":1383,"href":"https:\/\/uab.ufsc.br\/ead\/filosofia\/wp-json\/wp\/v2\/pages\/45\/revisions\/1383"}],"wp:attachment":[{"href":"https:\/\/uab.ufsc.br\/ead\/filosofia\/wp-json\/wp\/v2\/media?parent=45"}],"curies":[{"name":"wp","href":"https:\/\/api.w.org\/{rel}","templated":true}]}}