{"id":643,"date":"2023-08-23T15:30:39","date_gmt":"2023-08-23T18:30:39","guid":{"rendered":"http:\/\/uab.ufsc.br\/ead\/filosofia\/?page_id=643"},"modified":"2023-08-24T14:02:05","modified_gmt":"2023-08-24T17:02:05","slug":"servicos-ufsc","status":"publish","type":"page","link":"https:\/\/uab.ufsc.br\/ead\/filosofia\/servicos-ufsc\/","title":{"rendered":"Servi\u00e7os UFSC"},"content":{"rendered":"\n[et_pb_section][et_pb_row][et_pb_column type=&#8221;4_4&#8243;][et_pb_text]<!-- divi:paragraph -->\n<p><\/p>\n<!-- \/divi:paragraph -->\n\n<!-- divi:paragraph {\"textColor\":\"black\",\"fontSize\":\"small\"} -->\n<p class=\"has-black-color has-text-color has-small-font-size\"><strong>Estudantes do Curso de Filosofia, Licenciatura EAD regularmente matriculados, podem dispor de uma s\u00e9rie de servi\u00e7os e ferramentas disponibilizados pela UFSC.<\/strong><\/p>\n<!-- \/divi:paragraph -->\n\n<!-- divi:paragraph {\"textColor\":\"black\",\"fontSize\":\"small\"} -->\n<p class=\"has-black-color has-text-color has-small-font-size\"><\/p>\n<!-- \/divi:paragraph -->\n\n<!-- divi:paragraph {\"textColor\":\"black\",\"fontSize\":\"small\"} -->\n<p class=\"has-black-color has-text-color has-small-font-size\">Conhe\u00e7a algumas dessas ferramentas e servi\u00e7os<\/p>\n<!-- \/divi:paragraph -->\n\n<!-- divi:paragraph {\"backgroundColor\":\"cyan-bluish-gray\",\"textColor\":\"black\",\"fontSize\":\"small\"} -->\n<p class=\"has-black-color has-cyan-bluish-gray-background-color has-text-color has-background has-small-font-size\"><strong>1. Assinatura digital (<a href=\"https:\/\/e.ufsc.br\/\">Assina UFSC<\/a>)<\/strong><\/p>\n<!-- \/divi:paragraph -->\n\n<!-- divi:paragraph {\"textColor\":\"black\",\"fontSize\":\"small\"} -->\n<p class=\"has-black-color has-text-color has-small-font-size\">Para configurar a assinatura digital da universidade, ver tutorial a seguir:<\/p>\n<!-- \/divi:paragraph -->\n\n<!-- divi:paragraph {\"textColor\":\"vivid-cyan-blue\",\"fontSize\":\"small\"} -->\n<p class=\"has-vivid-cyan-blue-color has-text-color has-small-font-size\">&nbsp;<a rel=\"noreferrer noopener\" href=\"https:\/\/youtu.be\/T-NcrhOHbpY\" target=\"_blank\">https:\/\/youtu.be\/T-NcrhOHbpY<\/a>&nbsp;<\/p>\n<!-- \/divi:paragraph -->\n\n<!-- divi:paragraph {\"backgroundColor\":\"cyan-bluish-gray\",\"textColor\":\"black\",\"fontSize\":\"small\"} -->\n<p class=\"has-black-color has-cyan-bluish-gray-background-color has-text-color has-background has-small-font-size\"><strong>2. Webmail Institucional (<a href=\"http:\/\/webmail.ufsc.br\/\">Webmail UFSC<\/a>)<\/strong><\/p>\n<!-- \/divi:paragraph -->\n\n<!-- divi:paragraph {\"textColor\":\"black\",\"fontSize\":\"small\"} -->\n<p class=\"has-black-color has-text-color has-small-font-size\">Todos os alunos podem ter um e-mail  institucional da UFSC. Caso queiram ativ\u00e1-lo, basta seguir o tutorial a seguir:<\/p>\n<!-- \/divi:paragraph -->\n\n<!-- divi:paragraph {\"textColor\":\"vivid-cyan-blue\",\"fontSize\":\"small\"} -->\n<p class=\"has-vivid-cyan-blue-color has-text-color has-small-font-size\"> <a rel=\"noreferrer noopener\" href=\"https:\/\/youtu.be\/HFUXsZfi1rU\" target=\"_blank\">https:\/\/youtu.be\/HFUXsZfi1rU<\/a>&nbsp;<\/p>\n<!-- \/divi:paragraph -->\n\n<!-- divi:paragraph {\"fontSize\":\"small\"} -->\n<p class=\"has-small-font-size\"><\/p>\n<!-- \/divi:paragraph -->\n\n<!-- divi:paragraph {\"backgroundColor\":\"cyan-bluish-gray\",\"textColor\":\"black\"} -->\n<p class=\"has-black-color has-cyan-bluish-gray-background-color has-text-color has-background\"><strong>3.  Identidade UFSC (<a href=\"https:\/\/idufsc.ufsc.br\/\">IDUFSC<\/a>)<\/strong><\/p>\n<!-- \/divi:paragraph -->\n\n<!-- divi:paragraph -->\n<p>Usu\u00e1rios cadastrados no IdUFSC podem ativar o servi\u00e7o de &#8220;Nuvem&#8221; e habilitar o. servi\u00e7o Arquivos@ufsc.br.  Da mesma forma, podem ativar as parcerias  com a CAFe &#8211; Comunidade Acad\u00eamica Federada; Habilitar acesso ao <a href=\"https:\/\/google.ufsc.br\">Google GSuite<\/a> e Habilitar acesso ao <a href=\"https:\/\/idufsc.ufsc.br\/parcerias\/microsoft\">Microsoft Dev Tools<\/a>.<\/p>\n<!-- \/divi:paragraph -->\n\n<!-- divi:paragraph {\"backgroundColor\":\"cyan-bluish-gray\",\"textColor\":\"black\"} -->\n<p class=\"has-black-color has-cyan-bluish-gray-background-color has-text-color has-background\"><strong>4.  Desktop Virtual &#8211; Terminal de Softwares<\/strong><\/p>\n<!-- \/divi:paragraph -->\n\n<!-- divi:paragraph -->\n<p>O <a href=\"https:\/\/setic.ufsc.br\/desktop-virtual\/\">Desktop Virtual<\/a> (tamb\u00e9m denominado Terminal de Softwares) \u00e9 um servi\u00e7o no qual usu\u00e1rios podem utilizar Softwares disponibilizados pela UFSC sem precisar instal\u00e1-los em seus computadores<\/p>\n<!-- \/divi:paragraph -->\n\n<!-- divi:paragraph {\"backgroundColor\":\"cyan-bluish-gray\",\"textColor\":\"black\"} -->\n<p class=\"has-black-color has-cyan-bluish-gray-background-color has-text-color has-background\">5.  <strong>VPN para redeUFSC<\/strong><\/p>\n<!-- \/divi:paragraph -->\n\n<!-- divi:paragraph -->\n<p>Permite conectar-se \u00e0 redeUFSC a partir de qualquer conex\u00e3o de rede com acesso a Internet. <a href=\"https:\/\/servicosti.sistemas.ufsc.br\/publico\/detalhes.xhtml?servico=112\">Ver +<\/a>.<\/p>\n<!-- \/divi:paragraph -->\n\n<!-- divi:paragraph {\"backgroundColor\":\"cyan-bluish-gray\",\"textColor\":\"black\"} -->\n<p class=\"has-black-color has-cyan-bluish-gray-background-color has-text-color has-background\">6.  <a rel=\"noreferrer noopener\" href=\"https:\/\/portal.rnp.br\/web\/servicos\/eduroam\" target=\"_blank\">eduroam<\/a><\/p>\n<!-- \/divi:paragraph -->\n\n<!-- divi:paragraph -->\n<p>Servi\u00e7o de acesso a rede sem fio seguro, desenvolvido para a comunidade internacional de educa\u00e7\u00e3o e pesquisa<\/p>\n<!-- \/divi:paragraph -->\n\n<!-- divi:paragraph -->\n<p><\/p>\n<!-- \/divi:paragraph -->\n\n<!-- divi:paragraph {\"backgroundColor\":\"cyan-bluish-gray\",\"textColor\":\"black\"} -->\n<p class=\"has-black-color has-cyan-bluish-gray-background-color has-text-color has-background\">7. Outros servi\u00e7os<\/p>\n<!-- \/divi:paragraph -->\n\n<!-- divi:paragraph -->\n<p>Para a lista completa de servi\u00e7os, acesse o <a href=\"https:\/\/servicosti.sistemas.ufsc.br\/publico\/catalogo.xhtml\">Portal de servi\u00e7os<\/a>.<\/p>\n<!-- \/divi:paragraph -->\n\n<!-- divi:paragraph -->\n<p><\/p>\n<!-- \/divi:paragraph -->\n\n<!-- divi:paragraph -->\n<p> <\/p>\n<!-- \/divi:paragraph -->[\/et_pb_text][\/et_pb_column][\/et_pb_row][\/et_pb_section]\n","protected":false},"excerpt":{"rendered":"<p><div class=\"et_pb_section et_pb_section_0 et_section_regular\" >\n\t\t\t\t\n\t\t\t\t\n\t\t\t\t\n\t\t\t\t\n\t\t\t\t\n\t\t\t\t\n\t\t\t\t\n\t\t\t\t\n\t\t\t\t\n\t\t\t<\/div><div class=\"et_pb_row et_pb_row_0 et_pb_row_empty\">\n\t\t\t\t\n\t\t\t\t\n\t\t\t\t\n\t\t\t\t\n\t\t\t\t\n\t\t\t<\/div><div class=\"et_pb_module et_pb_text et_pb_text_0  et_pb_text_align_left et_pb_bg_layout_light\">\n\t\t\t\t\n\t\t\t\t\n\t\t\t\t\n\t\t\t\t\n\t\t\t\t\n\t\t\t<\/div> Estudantes do Curso de Filosofia, Licenciatura EAD regularmente matriculados, podem dispor de uma s\u00e9rie de servi\u00e7os e ferramentas disponibilizados pela UFSC. Conhe\u00e7a algumas dessas ferramentas e servi\u00e7os 1. Assinatura digital (Assina UFSC) Para configurar a assinatura digital da universidade, ver tutorial a seguir: &nbsp;https:\/\/youtu.be\/T-NcrhOHbpY&nbsp; 2. Webmail Institucional (Webmail UFSC) Todos os alunos podem ter [&hellip;]<\/p>\n","protected":false},"author":2,"featured_media":0,"parent":0,"menu_order":0,"comment_status":"closed","ping_status":"closed","template":"","meta":{"_et_pb_use_builder":"on","_et_pb_old_content":"<!-- wp:paragraph -->\n<p><\/p>\n<!-- \/wp:paragraph -->\n\n<!-- wp:paragraph {\"textColor\":\"black\",\"fontSize\":\"small\"} -->\n<p class=\"has-black-color has-text-color has-small-font-size\"><strong>Estudantes do Curso de Filosofia, Licenciatura EAD regularmente matriculados, podem dispor de uma s\u00e9rie de servi\u00e7os e ferramentas disponibilizados pela UFSC.<\/strong><\/p>\n<!-- \/wp:paragraph -->\n\n<!-- wp:paragraph {\"textColor\":\"black\",\"fontSize\":\"small\"} -->\n<p class=\"has-black-color has-text-color has-small-font-size\"><\/p>\n<!-- \/wp:paragraph -->\n\n<!-- wp:paragraph {\"textColor\":\"black\",\"fontSize\":\"small\"} -->\n<p class=\"has-black-color has-text-color has-small-font-size\">Conhe\u00e7a algumas dessas ferramentas e servi\u00e7os<\/p>\n<!-- \/wp:paragraph -->\n\n<!-- wp:paragraph {\"backgroundColor\":\"cyan-bluish-gray\",\"textColor\":\"black\",\"fontSize\":\"small\"} -->\n<p class=\"has-black-color has-cyan-bluish-gray-background-color has-text-color has-background has-small-font-size\"><strong>1. Assinatura digital (<a href=\"https:\/\/e.ufsc.br\/\">Assina UFSC<\/a>)<\/strong><\/p>\n<!-- \/wp:paragraph -->\n\n<!-- wp:paragraph {\"textColor\":\"black\",\"fontSize\":\"small\"} -->\n<p class=\"has-black-color has-text-color has-small-font-size\">Para configurar a assinatura digital da universidade, ver tutorial a seguir:<\/p>\n<!-- \/wp:paragraph -->\n\n<!-- wp:paragraph {\"textColor\":\"vivid-cyan-blue\",\"fontSize\":\"small\"} -->\n<p class=\"has-vivid-cyan-blue-color has-text-color has-small-font-size\">&nbsp;<a rel=\"noreferrer noopener\" href=\"https:\/\/youtu.be\/T-NcrhOHbpY\" target=\"_blank\">https:\/\/youtu.be\/T-NcrhOHbpY<\/a>&nbsp;<\/p>\n<!-- \/wp:paragraph -->\n\n<!-- wp:paragraph {\"backgroundColor\":\"cyan-bluish-gray\",\"textColor\":\"black\",\"fontSize\":\"small\"} -->\n<p class=\"has-black-color has-cyan-bluish-gray-background-color has-text-color has-background has-small-font-size\"><strong>2. Webmail Institucional (<a href=\"http:\/\/webmail.ufsc.br\/\">Webmail UFSC<\/a>)<\/strong><\/p>\n<!-- \/wp:paragraph -->\n\n<!-- wp:paragraph {\"textColor\":\"black\",\"fontSize\":\"small\"} -->\n<p class=\"has-black-color has-text-color has-small-font-size\">Todos os alunos podem ter um e-mail  institucional da UFSC. Caso queiram ativ\u00e1-lo, basta seguir o tutorial a seguir:<\/p>\n<!-- \/wp:paragraph -->\n\n<!-- wp:paragraph {\"textColor\":\"vivid-cyan-blue\",\"fontSize\":\"small\"} -->\n<p class=\"has-vivid-cyan-blue-color has-text-color has-small-font-size\"> <a rel=\"noreferrer noopener\" href=\"https:\/\/youtu.be\/HFUXsZfi1rU\" target=\"_blank\">https:\/\/youtu.be\/HFUXsZfi1rU<\/a>&nbsp;<\/p>\n<!-- \/wp:paragraph -->\n\n<!-- wp:paragraph {\"fontSize\":\"small\"} -->\n<p class=\"has-small-font-size\"><\/p>\n<!-- \/wp:paragraph -->\n\n<!-- wp:paragraph {\"backgroundColor\":\"cyan-bluish-gray\",\"textColor\":\"black\"} -->\n<p class=\"has-black-color has-cyan-bluish-gray-background-color has-text-color has-background\"><strong>3.  Identidade UFSC (<a href=\"https:\/\/idufsc.ufsc.br\/\">IDUFSC<\/a>)<\/strong><\/p>\n<!-- \/wp:paragraph -->\n\n<!-- wp:paragraph -->\n<p>Usu\u00e1rios cadastrados no IdUFSC podem ativar o servi\u00e7o de \"Nuvem\" e habilitar o. servi\u00e7o Arquivos@ufsc.br.  Da mesma forma, podem ativar as parcerias  com a CAFe - Comunidade Acad\u00eamica Federada; Habilitar acesso ao <a href=\"https:\/\/google.ufsc.br\">Google GSuite<\/a> e Habilitar acesso ao <a href=\"https:\/\/idufsc.ufsc.br\/parcerias\/microsoft\">Microsoft Dev Tools<\/a>.<\/p>\n<!-- \/wp:paragraph -->\n\n<!-- wp:paragraph {\"backgroundColor\":\"cyan-bluish-gray\",\"textColor\":\"black\"} -->\n<p class=\"has-black-color has-cyan-bluish-gray-background-color has-text-color has-background\"><strong>4.  Desktop Virtual - Terminal de Softwares<\/strong><\/p>\n<!-- \/wp:paragraph -->\n\n<!-- wp:paragraph -->\n<p>O <a href=\"https:\/\/setic.ufsc.br\/desktop-virtual\/\">Desktop Virtual<\/a> (tamb\u00e9m denominado Terminal de Softwares) \u00e9 um servi\u00e7o no qual usu\u00e1rios podem utilizar Softwares disponibilizados pela UFSC sem precisar instal\u00e1-los em seus computadores<\/p>\n<!-- \/wp:paragraph -->\n\n<!-- wp:paragraph {\"backgroundColor\":\"cyan-bluish-gray\",\"textColor\":\"black\"} -->\n<p class=\"has-black-color has-cyan-bluish-gray-background-color has-text-color has-background\">5.  <strong>VPN para redeUFSC<\/strong><\/p>\n<!-- \/wp:paragraph -->\n\n<!-- wp:paragraph -->\n<p>Permite conectar-se \u00e0 redeUFSC a partir de qualquer conex\u00e3o de rede com acesso a Internet. <a href=\"https:\/\/servicosti.sistemas.ufsc.br\/publico\/detalhes.xhtml?servico=112\">Ver +<\/a>.<\/p>\n<!-- \/wp:paragraph -->\n\n<!-- wp:paragraph {\"backgroundColor\":\"cyan-bluish-gray\",\"textColor\":\"black\"} -->\n<p class=\"has-black-color has-cyan-bluish-gray-background-color has-text-color has-background\">6.  <a rel=\"noreferrer noopener\" href=\"https:\/\/portal.rnp.br\/web\/servicos\/eduroam\" target=\"_blank\">eduroam<\/a><\/p>\n<!-- \/wp:paragraph -->\n\n<!-- wp:paragraph -->\n<p>Servi\u00e7o de acesso a rede sem fio seguro, desenvolvido para a comunidade internacional de educa\u00e7\u00e3o e pesquisa<\/p>\n<!-- \/wp:paragraph -->\n\n<!-- wp:paragraph -->\n<p><\/p>\n<!-- \/wp:paragraph -->\n\n<!-- wp:paragraph {\"backgroundColor\":\"cyan-bluish-gray\",\"textColor\":\"black\"} -->\n<p class=\"has-black-color has-cyan-bluish-gray-background-color has-text-color has-background\">7. Outros servi\u00e7os<\/p>\n<!-- \/wp:paragraph -->\n\n<!-- wp:paragraph -->\n<p>Para a lista completa de servi\u00e7os, acesse o <a href=\"https:\/\/servicosti.sistemas.ufsc.br\/publico\/catalogo.xhtml\">Portal de servi\u00e7os<\/a>.<\/p>\n<!-- \/wp:paragraph -->\n\n<!-- wp:paragraph -->\n<p><\/p>\n<!-- \/wp:paragraph -->\n\n<!-- wp:paragraph -->\n<p> <\/p>\n<!-- \/wp:paragraph -->","_et_gb_content_width":"","inline_featured_image":false,"footnotes":""},"class_list":["post-643","page","type-page","status-publish","hentry"],"_links":{"self":[{"href":"https:\/\/uab.ufsc.br\/ead\/filosofia\/wp-json\/wp\/v2\/pages\/643","targetHints":{"allow":["GET"]}}],"collection":[{"href":"https:\/\/uab.ufsc.br\/ead\/filosofia\/wp-json\/wp\/v2\/pages"}],"about":[{"href":"https:\/\/uab.ufsc.br\/ead\/filosofia\/wp-json\/wp\/v2\/types\/page"}],"author":[{"embeddable":true,"href":"https:\/\/uab.ufsc.br\/ead\/filosofia\/wp-json\/wp\/v2\/users\/2"}],"replies":[{"embeddable":true,"href":"https:\/\/uab.ufsc.br\/ead\/filosofia\/wp-json\/wp\/v2\/comments?post=643"}],"version-history":[{"count":11,"href":"https:\/\/uab.ufsc.br\/ead\/filosofia\/wp-json\/wp\/v2\/pages\/643\/revisions"}],"predecessor-version":[{"id":777,"href":"https:\/\/uab.ufsc.br\/ead\/filosofia\/wp-json\/wp\/v2\/pages\/643\/revisions\/777"}],"wp:attachment":[{"href":"https:\/\/uab.ufsc.br\/ead\/filosofia\/wp-json\/wp\/v2\/media?parent=643"}],"curies":[{"name":"wp","href":"https:\/\/api.w.org\/{rel}","templated":true}]}}