{"id":728,"date":"2023-09-02T16:21:45","date_gmt":"2023-09-02T19:21:45","guid":{"rendered":"http:\/\/uab.ufsc.br\/ead\/filosofia\/?page_id=728"},"modified":"2025-12-30T11:06:02","modified_gmt":"2025-12-30T14:06:02","slug":"biblioteca-virtual","status":"publish","type":"page","link":"https:\/\/uab.ufsc.br\/ead\/filosofia\/biblioteca-virtual\/","title":{"rendered":"Biblioteca Virtual"},"content":{"rendered":"\n<h2 class=\"wp-block-heading\"><\/h2>\n\n\n\n<p class=\"has-vivid-red-color has-text-color has-large-font-size\"><strong>Peri\u00f3dicos de Filosofia<\/strong><\/p>\n\n\n\n<p class=\"has-vivid-cyan-blue-color has-text-color has-link-color has-medium-font-size wp-elements-c673aa2adaf051c0c79ed5831a1f4116\"><a href=\"https:\/\/www.anpof.org.br\/periodicos\">Portal de Peri\u00f3dicos Eletr\u00f4nicos<\/a>&nbsp;\u2013&nbsp;Anpof<\/p>\n\n\n\n<p class=\"has-vivid-cyan-blue-color has-text-color has-link-color has-medium-font-size wp-elements-e165a14430844e6e28f0ac69984bd1eb\"><a href=\"https:\/\/periodicos.ufop.br\/raf\/\" target=\"_blank\" rel=\"noreferrer noopener\">Arte e Filosofia<\/a><\/p>\n\n\n\n<p class=\"has-vivid-cyan-blue-color has-text-color has-link-color has-medium-font-size wp-elements-a5fc41fb168af9fd5bd3cf6b82123e6d\"><a href=\"https:\/\/www.revistas.usp.br\/cefp\" target=\"_blank\" rel=\"noreferrer noopener\">Cadernos de \u00c9tica e Filosofia Pol\u00edtica<\/a><\/p>\n\n\n\n<p class=\"has-vivid-cyan-blue-color has-text-color has-link-color has-medium-font-size wp-elements-9ec9a781180ad4211e23b3f5053dc04c\"><a href=\"https:\/\/www.revistas.usp.br\/espinosanos\" target=\"_blank\" rel=\"noreferrer noopener\">Cadernos de Estudos Espinosianos<\/a><\/p>\n\n\n\n<p class=\"has-vivid-cyan-blue-color has-text-color has-link-color has-medium-font-size wp-elements-fa9d9aff6308d216647539a0364bf349\"><a href=\"https:\/\/www.gewebe.com.br\/\" target=\"_blank\" rel=\"noreferrer noopener\">Cadernos Walter Benjamin<\/a><\/p>\n\n\n\n<p class=\"has-vivid-cyan-blue-color has-text-color has-link-color has-medium-font-size wp-elements-b58d10d6f2772169efbbccdbcb43bdea\"><a href=\"https:\/\/gen-grupodeestudosnietzsche.net\/cadernos-nietzsche\/\">Cadernos&nbsp;Nietzsche<\/a><\/p>\n\n\n\n<p class=\"has-vivid-cyan-blue-color has-text-color has-link-color has-medium-font-size wp-elements-672dc49d5b9adb6b4eef1910d6c48214\"><a href=\"https:\/\/criticanarede.com\/\">Critica na rede<\/a><\/p>\n\n\n\n<p class=\"has-vivid-cyan-blue-color has-text-color has-link-color has-medium-font-size wp-elements-ce2e63d5d8a42920d16815432b258582\"><a href=\"https:\/\/www.revistas.usp.br\/discurso\" target=\"_blank\" rel=\"noreferrer noopener\">Discurso<\/a><\/p>\n\n\n\n<p class=\"has-vivid-cyan-blue-color has-text-color has-link-color has-medium-font-size wp-elements-726d164c948a55023c1f763afadca85f\"><a href=\"https:\/\/periodicos.ufpel.edu.br\/ojs2\/index.php\/dissertatio\">Dissertatio<\/a><\/p>\n\n\n\n<p class=\"has-vivid-cyan-blue-color has-text-color has-link-color has-medium-font-size wp-elements-628e843985566a710b87c466a81294c2\"><a href=\"https:\/\/revistas.ufpr.br\/doispontos\/index\">Doispontos<\/a><\/p>\n\n\n\n<p class=\"has-vivid-cyan-blue-color has-text-color has-link-color has-medium-font-size wp-elements-10084fa80f35259ef1d667c6821203b6\"><a href=\"https:\/\/periodicos.ufsc.br\/index.php\/ethic\">Ethic@<\/a><\/p>\n\n\n\n<p class=\"has-vivid-cyan-blue-color has-text-color has-link-color has-medium-font-size wp-elements-fa67e38ab36b1dc2dd968ffc717cb083\"><a href=\"https:\/\/hypnos.org.br\/index.php\/hypnos\" target=\"_blank\" rel=\"noreferrer noopener\">Hypnos<\/a><\/p>\n\n\n\n<p class=\"has-vivid-cyan-blue-color has-text-color has-link-color has-medium-font-size wp-elements-97bf1ac3f3ca3f8ac2be7bd02263c76b\"><a href=\"https:\/\/periodicos.ufmg.br\/index.php\/kriterion\" target=\"_blank\" rel=\"noreferrer noopener\">Kriterion<\/a><\/p>\n\n\n\n<p class=\"has-vivid-cyan-blue-color has-text-color has-link-color has-medium-font-size wp-elements-744e2b5eeca2bb0bb20c7ea5450d3ab8\"><a href=\"https:\/\/www.scielo.br\/j\/man\/\" target=\"_blank\" rel=\"noreferrer noopener\">Manuscrito<\/a><\/p>\n\n\n\n<p class=\"has-vivid-cyan-blue-color has-text-color has-link-color has-medium-font-size wp-elements-40378fc0ac61054a123eedfcf4401ae5\"><a href=\"https:\/\/nexos.ufsc.br\/index.php\/peri\">Peri<\/a><\/p>\n\n\n\n<p class=\"has-vivid-cyan-blue-color has-text-color has-link-color has-medium-font-size wp-elements-c1ff17d82f40150801dab520786d47f1\"><a href=\"https:\/\/revistas.uece.br\/index.php\/revistapolymatheia\" target=\"_blank\" rel=\"noreferrer noopener\">Polymatheia<\/a><\/p>\n\n\n\n<p class=\"has-vivid-cyan-blue-color has-text-color has-link-color has-medium-font-size wp-elements-f229a4e5b95e5176cb4064565cb9436d\"><a href=\"https:\/\/revistas.ufg.br\/philosophos\">Phil\u00f3sophos<\/a><\/p>\n\n\n\n<p class=\"has-vivid-cyan-blue-color has-text-color has-link-color has-medium-font-size wp-elements-fbbe0dfc5c231ad4dff8ef5bbdbaf30c\"><a href=\"https:\/\/periodicos.ufsc.br\/index.php\/principia\/index\">Principia<\/a><\/p>\n\n\n\n<p class=\"has-vivid-cyan-blue-color has-text-color has-link-color has-medium-font-size wp-elements-7ef180e458be2a1d139741db47d01e4d\"><a href=\"https:\/\/periodicos.ufrn.br\/principios\" target=\"_blank\" rel=\"noreferrer noopener\">Princ\u00edpios<\/a><\/p>\n\n\n\n<p class=\"has-vivid-cyan-blue-color has-text-color has-link-color has-medium-font-size wp-elements-db2d85fb75620d4b76d2a3e57076bdbb\"><a href=\"https:\/\/www.rpf.pt\/\" target=\"_blank\" rel=\"noreferrer noopener\">Revista&nbsp;<\/a><a href=\"https:\/\/www.rpf.pt\/\" target=\"_blank\" rel=\"noreferrer noopener\">P<\/a><a href=\"https:\/\/www.rpf.pt\/\" target=\"_blank\" rel=\"noreferrer noopener\">ortuguesa de Filosofia<\/a><\/p>\n\n\n\n<p class=\"has-vivid-cyan-blue-color has-text-color has-link-color has-medium-font-size wp-elements-afc5ba973b5b4ac0822f50da1640254b\"><a href=\"https:\/\/www.scielo.br\/j\/trans\/\" target=\"_blank\" rel=\"noreferrer noopener\">Trans\/form\/a\u00e7\u00e3o<\/a><\/p>\n\n\n\n<p class=\"has-vivid-cyan-blue-color has-text-color has-link-color has-medium-font-size wp-elements-1d2381c31d01965404be635ffae1afa6\"><a href=\"https:\/\/revistaseletronicas.pucrs.br\/ojs\/index.php\/veritas\" target=\"_blank\" rel=\"noreferrer noopener\">Verit<\/a><a href=\"http:\/\/revistaseletronicas.pucrs.br\/ojs\/index.php\/veritas\" target=\"_blank\" rel=\"noreferrer noopener\">as<\/a><\/p>\n\n\n\n<p class=\"has-vivid-cyan-blue-color has-text-color has-link-color has-medium-font-size wp-elements-62f2566f8e703d6cafd72474b4292be9\"><a href=\"https:\/\/gulbenkian.pt\/publications\">F<\/a><a href=\"https:\/\/gulbenkian.pt\/publications\">unda\u00e7\u00e3o Calouste Gulbenkian \u2013 Publica\u00e7\u00f5es<\/a><\/p>\n\n\n\n<p class=\"has-vivid-cyan-blue-color has-text-color has-link-color has-medium-font-size wp-elements-17c53012fddd7aaaf0612acda62bb383\"><a href=\"https:\/\/arquipelago.fi\">Arquip\u00e9lago<\/a><\/p>\n\n\n\n<p class=\"has-vivid-red-color has-text-color has-medium-font-size\"><\/p>\n\n\n\n<p class=\"has-vivid-red-color has-text-color has-large-font-size\"><strong>Livros<\/strong><\/p>\n\n\n\n<p class=\"has-medium-font-size\"><a href=\"https:\/\/gulbenkian.pt\/publicacoes\/\">Publica\u00e7\u00f5es &#8211; Funda\u00e7\u00e3o Calouste Gulbenkian<\/a><\/p>\n\n\n\n<p class=\"has-medium-font-size\"><a href=\"https:\/\/www.uc.pt\/cech\/publicacoes\/\">Publica\u00e7\u00f5es &#8211; Universidade de Coimbra<\/a><\/p>\n\n\n\n<p class=\"has-medium-font-size\"><a href=\"https:\/\/wp.ufpel.edu.br\/nepfil\/59-2\/\">S\u00e9rie Dissertatio Filosofia<\/a><\/p>\n\n\n\n<p class=\"has-medium-font-size\"><a href=\"https:\/\/wp.ufpel.edu.br\/nepfil\/serie-investigacao-filosofica\/\">S\u00e9rie Investiga\u00e7\u00e3o Filos\u00f3fica<\/a><\/p>\n\n\n\n<p><\/p>\n\n\n\n<p><\/p>\n\n\n\n<p class=\"has-vivid-red-color has-text-color has-large-font-size\"><strong>Em ingl\u00eas<\/strong><\/p>\n\n\n\n<p class=\"has-medium-font-size\"><a href=\"https:\/\/plato.stanford.edu\/index.html\"><strong>Stanford Encyclopedia of Philosophy<\/strong><\/a><\/p>\n\n\n\n<p class=\"has-medium-font-size\"><a href=\"https:\/\/iep.utm.edu\/\"><strong>Internet Encyclopedia of Philosophy<\/strong><\/a><\/p>\n\n\n\n<p class=\"has-medium-font-size\"><a href=\"https:\/\/www.philosophy-index.com\/texts.php\"><strong>Philosophy Index<\/strong><\/a><\/p>\n\n\n\n<h2 class=\"wp-block-heading\"><a href=\"https:\/\/www.philosophy-index.com\/texts.php\"><\/a><br><strong>*****************<\/strong><\/h2>\n\n\n\n<p class=\"has-medium-font-size\"><a href=\"https:\/\/doaj.org\/\"><strong>DOAJ<\/strong><\/a><\/p>\n\n\n\n<p class=\"has-medium-font-size\"><a href=\"https:\/\/muse.jhu.edu\/\"><strong>Project MUSE<\/strong><\/a><\/p>\n\n\n\n<p class=\"has-medium-font-size\"><a href=\"https:\/\/www.jstor.org\/\"><strong>JSTOR<\/strong><\/a><\/p>\n\n\n\n<p class=\"has-medium-font-size\"><a href=\"https:\/\/archive.org\/\"><strong>Internet Archive<\/strong><\/a><\/p>\n","protected":false},"excerpt":{"rendered":"<p>Peri\u00f3dicos de Filosofia Portal de Peri\u00f3dicos Eletr\u00f4nicos&nbsp;\u2013&nbsp;Anpof Arte e Filosofia Cadernos de \u00c9tica e Filosofia Pol\u00edtica Cadernos de Estudos Espinosianos Cadernos Walter Benjamin Cadernos&nbsp;Nietzsche Critica na rede Discurso Dissertatio Doispontos Ethic@ Hypnos Kriterion Manuscrito Peri Polymatheia Phil\u00f3sophos Principia Princ\u00edpios Revista&nbsp;Portuguesa de Filosofia Trans\/form\/a\u00e7\u00e3o Veritas Funda\u00e7\u00e3o Calouste Gulbenkian \u2013 Publica\u00e7\u00f5es Arquip\u00e9lago Livros Publica\u00e7\u00f5es &#8211; Funda\u00e7\u00e3o Calouste [&hellip;]<\/p>\n","protected":false},"author":2,"featured_media":0,"parent":0,"menu_order":0,"comment_status":"closed","ping_status":"closed","template":"","meta":{"_et_pb_use_builder":"off","_et_pb_old_content":"","_et_gb_content_width":"","inline_featured_image":false,"footnotes":""},"class_list":["post-728","page","type-page","status-publish","hentry"],"_links":{"self":[{"href":"https:\/\/uab.ufsc.br\/ead\/filosofia\/wp-json\/wp\/v2\/pages\/728","targetHints":{"allow":["GET"]}}],"collection":[{"href":"https:\/\/uab.ufsc.br\/ead\/filosofia\/wp-json\/wp\/v2\/pages"}],"about":[{"href":"https:\/\/uab.ufsc.br\/ead\/filosofia\/wp-json\/wp\/v2\/types\/page"}],"author":[{"embeddable":true,"href":"https:\/\/uab.ufsc.br\/ead\/filosofia\/wp-json\/wp\/v2\/users\/2"}],"replies":[{"embeddable":true,"href":"https:\/\/uab.ufsc.br\/ead\/filosofia\/wp-json\/wp\/v2\/comments?post=728"}],"version-history":[{"count":6,"href":"https:\/\/uab.ufsc.br\/ead\/filosofia\/wp-json\/wp\/v2\/pages\/728\/revisions"}],"predecessor-version":[{"id":1543,"href":"https:\/\/uab.ufsc.br\/ead\/filosofia\/wp-json\/wp\/v2\/pages\/728\/revisions\/1543"}],"wp:attachment":[{"href":"https:\/\/uab.ufsc.br\/ead\/filosofia\/wp-json\/wp\/v2\/media?parent=728"}],"curies":[{"name":"wp","href":"https:\/\/api.w.org\/{rel}","templated":true}]}}