{"id":40,"date":"2023-07-24T17:22:27","date_gmt":"2023-07-24T20:22:27","guid":{"rendered":"https:\/\/uab.ufsc.br\/ead\/historia\/?page_id=40"},"modified":"2025-05-07T11:11:24","modified_gmt":"2025-05-07T14:11:24","slug":"sobre-o-curso","status":"publish","type":"page","link":"https:\/\/uab.ufsc.br\/ead\/historia\/sobre-o-curso\/","title":{"rendered":"Sobre o curso"},"content":{"rendered":"\n<p class=\"has-black-color has-text-color has-link-color wp-elements-9ac00cf961d1ea846fe5a532228b76c6\"><\/p>\n\n\n\n<p class=\"has-black-color has-text-color has-link-color wp-elements-20b6f3945579f80b04963d0a19e11642\"><strong>Caracteriza\u00e7\u00e3o e objetivos do Curso<\/strong><\/p>\n\n\n\n<p class=\"has-black-color has-text-color has-link-color wp-elements-96fbb7b7b8edab6086a2642bd42b8068\">O Curso de Licenciatura em Hist\u00f3ria na modalidade a dist\u00e2ncia, proposto pela UFSC, em sua primeira edi\u00e7\u00e3o integra-se \u00e0 experi\u00eancia de algumas Institui\u00e7\u00f5es P\u00fablicas de Ensino Superior e de diversos projetos j\u00e1 desenvolvidos a dist\u00e2ncia, configurando um curso de forma\u00e7\u00e3o de professores com garantia de qualidade de ensino.<\/p>\n\n\n\n<p class=\"has-black-color has-text-color has-link-color wp-elements-fecafc8799136348d568f2b866bcd736\">A Licenciatura em Hist\u00f3ria na modalidade a dist\u00e2ncia tem o objetivo de habilitar o maior n\u00famero de professores para o Ensino B\u00e1sico, visando ao pleno exerc\u00edcio de sua atividade docente, em conson\u00e2ncia com as exig\u00eancias de uma sociedade em transforma\u00e7\u00e3o. A meta do projeto \u00e9 garantir o desenvolvimento de atitudes pedag\u00f3gicas reflexivas e investigativas, fornecendo instrumentos b\u00e1sicos para o exerc\u00edcio profissional, tendo por base o princ\u00edpio de que a forma\u00e7\u00e3o do educador \u00e9 um processo cont\u00ednuo.<\/p>\n\n\n\n<p class=\"has-black-color has-text-color has-link-color wp-elements-b667c4e54845773d0b9369040788c941\">O curso de licenciatura em Hist\u00f3ria ter\u00e1 suas <strong>atividades executadas em <mark style=\"background-color:rgba(0, 0, 0, 0);color:#0062ff\" class=\"has-inline-color\">ambiente virtual<\/mark> <\/strong>de aprendizagem (Moodle-UFSC), assim como <strong>a\u00e7\u00f5es nos <mark style=\"background-color:rgba(0, 0, 0, 0);color:#0062ff\" class=\"has-inline-color\">polos<\/mark><\/strong> que est\u00e3o nos munic\u00edpios em que ser\u00e3o realizadas as aulas e <strong><mark style=\"background-color:rgba(0, 0, 0, 0);color:#0062ff\" class=\"has-inline-color\">atividades presenciais<\/mark><\/strong>. Assim, na perspectiva da educa\u00e7\u00e3o a dist\u00e2ncia incluem-se videoconfer\u00eancias, workshops, aulas oficinas, aulas de campo, semin\u00e1rios Escolas-Universidades, as quais ser\u00e3o desenvolvidas no ambiente virtual do Curso com o apoio t\u00e9cnico de n\u00facleos e laborat\u00f3rios dos centros participantes. Assim, a proposta \u00e9 de um curso com a carga hor\u00e1ria de <strong><mark style=\"background-color:rgba(0, 0, 0, 0);color:#0062ff\" class=\"has-inline-color\">60% on-line, com atividades s\u00edncronas, e 40% presencial<\/mark><\/strong>. <\/p>\n\n\n\n<p class=\"has-black-color has-text-color has-link-color wp-elements-5cffcb2b00df4e94866c208a9c4799a7\">O diploma dos licenciados no Curso de Licenciatura em Hist\u00f3ria na modalidade a dist\u00e2ncia ter\u00e1 equival\u00eancia ao diploma dos licenciados no Curso de Licenciatura em Hist\u00f3ria na modalidade presencial, conforme o Decreto n. 5.622, publicado no D.O.U. de 20\/12\/05, tendo validade nacional.<\/p>\n\n\n\n<p class=\"has-black-color has-text-color has-link-color wp-elements-f9c253a2e682a3ebcab968ff0bd4c0ef\">O poss\u00edvel atendimento aos portadores de necessidades especiais, considerando as quest\u00f5es de acessibilidade e infraestrutura f\u00edsica, ser\u00e3o atendidas de acordo com as caracter\u00edsticas dos alunos aprovados no processo seletivo e as condi\u00e7\u00f5es vi\u00e1veis da institui\u00e7\u00e3o.<\/p>\n\n\n\n<p class=\"has-black-color has-text-color has-link-color wp-elements-ac79dda57bca4065575aa9b48ad6d769\">Os diplomas e certificados de cursos \u00e0 dist\u00e2ncia, expedidos por institui\u00e7\u00f5es credenciadas e registrados na forma da lei, ter\u00e3o validade nacional e respeitar\u00e3o a dura\u00e7\u00e3o m\u00ednima definida nas Diretrizes Curriculares Nacionais de cada \u00e1rea.<\/p>\n\n\n\n<p class=\"has-black-color has-text-color has-link-color wp-elements-294669a7afe9db5f7a6f10fc70d994b9\">Modelo did\u00e1tico:<\/p>\n\n\n\n<p class=\"has-black-color has-text-color has-link-color wp-elements-1bd821e7fa553fec68c5d1be6c976924\">Carga hor\u00e1ria total: 3.200h<\/p>\n\n\n\n<p class=\"has-black-color has-text-color has-link-color wp-elements-f2a0d30890106e3074b8b1a74fa70f61\">Forma\u00e7\u00e3o Espec\u00edfica: 1.600h<\/p>\n\n\n\n<p class=\"has-black-color has-text-color has-link-color wp-elements-3a94d4c8df5527b7aa082ff5d656f7a7\">Forma\u00e7\u00e3o Pedag\u00f3gica: 800h<br><\/p>\n\n\n\n<p class=\"has-black-color has-text-color has-link-color wp-elements-9ac00cf961d1ea846fe5a532228b76c6\"><\/p>\n\n\n\n<p class=\"has-black-color has-text-color has-link-color wp-elements-ae33dbf6bb77e3a5da93673599dcc4a6\">A oferta do Curso de Licenciatura em Hist\u00f3ria EaD foi aprovada no SISUAB\/CAPES n\u00ba de identifica\u00e7\u00e3o 7258, como um curso do cat\u00e1logo do Programa Universidade Aberta do Brasil, e ser\u00e1 implementado na Secretaria de Educa\u00e7\u00e3o \u00e0 Dist\u00e2ncia\/UFSC a partir do per\u00edodo letivo de 2024, vinculado ao curso de Hist\u00f3ria (presencial).<br><\/p>\n\n\n\n<p><\/p>\n","protected":false},"excerpt":{"rendered":"<p>Caracteriza\u00e7\u00e3o e objetivos do Curso O Curso de Licenciatura em Hist\u00f3ria na modalidade a dist\u00e2ncia, proposto pela UFSC, em sua primeira edi\u00e7\u00e3o integra-se \u00e0 experi\u00eancia de algumas Institui\u00e7\u00f5es P\u00fablicas de Ensino Superior e de diversos projetos j\u00e1 desenvolvidos a dist\u00e2ncia, configurando um curso de forma\u00e7\u00e3o de professores com garantia de qualidade de ensino. A Licenciatura [&hellip;]<\/p>\n","protected":false},"author":1,"featured_media":0,"parent":0,"menu_order":0,"comment_status":"closed","ping_status":"closed","template":"","meta":{"_et_pb_use_builder":"off","_et_pb_old_content":"","_et_gb_content_width":"","inline_featured_image":false,"footnotes":""},"class_list":["post-40","page","type-page","status-publish","hentry"],"_links":{"self":[{"href":"https:\/\/uab.ufsc.br\/ead\/historia\/wp-json\/wp\/v2\/pages\/40","targetHints":{"allow":["GET"]}}],"collection":[{"href":"https:\/\/uab.ufsc.br\/ead\/historia\/wp-json\/wp\/v2\/pages"}],"about":[{"href":"https:\/\/uab.ufsc.br\/ead\/historia\/wp-json\/wp\/v2\/types\/page"}],"author":[{"embeddable":true,"href":"https:\/\/uab.ufsc.br\/ead\/historia\/wp-json\/wp\/v2\/users\/1"}],"replies":[{"embeddable":true,"href":"https:\/\/uab.ufsc.br\/ead\/historia\/wp-json\/wp\/v2\/comments?post=40"}],"version-history":[{"count":10,"href":"https:\/\/uab.ufsc.br\/ead\/historia\/wp-json\/wp\/v2\/pages\/40\/revisions"}],"predecessor-version":[{"id":640,"href":"https:\/\/uab.ufsc.br\/ead\/historia\/wp-json\/wp\/v2\/pages\/40\/revisions\/640"}],"wp:attachment":[{"href":"https:\/\/uab.ufsc.br\/ead\/historia\/wp-json\/wp\/v2\/media?parent=40"}],"curies":[{"name":"wp","href":"https:\/\/api.w.org\/{rel}","templated":true}]}}